{"id":227,"date":"2025-09-19T09:02:06","date_gmt":"2025-09-19T07:02:06","guid":{"rendered":"https:\/\/etim.at\/?page_id=227"},"modified":"2026-04-16T15:12:45","modified_gmt":"2026-04-16T13:12:45","slug":"etim-international","status":"publish","type":"page","link":"https:\/\/www.etim.at\/?page_id=227","title":{"rendered":"ETIM International"},"content":{"rendered":"\n<h2 class=\"wp-block-heading has-text-color\" style=\"color:#325fa2;font-size:clamp(0.984rem, 0.984rem + ((1vw - 0.2rem) * 0.86), 1.5rem);\"><br><strong>ETIM International<\/strong><\/h2>\n\n\n\n<p>ETIM ist heute in 19 europ\u00e4ischen L\u00e4ndern, Russland und Nordamerika jeweils mit einer eigenen Organisation vertreten.<\/p>\n\n\n\n<p>Folgende Sprachversionen sind aktuell verf\u00fcgbar:<\/p>\n\n\n\n<p>Niederl\u00e4ndisch<br>Deutsch<br>Deutsch (Schweiz)<br>Deutsch (\u00d6sterreich)<br>Englisch (British English)<br>Englisch (US)<br>Englisch (Australien)<br>D\u00e4nisch<br>Finnisch<br>Norwegisch<br>Schwedisch<br>Ukrainisch<br>Polnisch<br>Spanisch<br>Portugiesisch<br>Fl\u00e4misch (Belgien)<br>Franz\u00f6sisch (Belgien)<br>Franz\u00f6sisch (Schweiz)<br>Franz\u00f6sisch (Frankreich)<br>Italienisch (Schweiz)<br>Italienisch (Italien)<\/p>\n\n\n\n<p class=\"has-link-color wp-elements-41e8131ad90e8965af3a177f3bf1aadd\">Wenn Sie Bedarf an einer Sprachversion haben wenden Sie sich bitte an den&nbsp;<a href=\"https:\/\/www.etim.at\/?page_id=16\" data-type=\"page\" data-id=\"16\">Vorstand.<\/a><\/p>\n\n\n\n<p>Folgender Link gibt einen \u00dcberblick \u00fcber die internationalen Aktivit\u00e4ten:<\/p>\n\n\n\n<p class=\"has-link-color wp-elements-0197348386ecf68d03510b59e89788f4\"><a href=\"http:\/\/www.etim-international.com\/\" target=\"_blank\" rel=\"noreferrer noopener\">www.etim-international.com<\/a><\/p>\n\n\n\n<p><\/p>\n","protected":false},"excerpt":{"rendered":"<p>ETIM International ETIM ist heute in 19 europ\u00e4ischen L\u00e4ndern, Russland und Nordamerika jeweils mit einer eigenen Organisation vertreten. Folgende Sprachversionen sind aktuell verf\u00fcgbar: Niederl\u00e4ndischDeutschDeutsch (Schweiz)Deutsch (\u00d6sterreich)Englisch (British English)Englisch (US)Englisch (Australien)D\u00e4nischFinnischNorwegischSchwedischUkrainischPolnischSpanischPortugiesischFl\u00e4misch (Belgien)Franz\u00f6sisch (Belgien)Franz\u00f6sisch (Schweiz)Franz\u00f6sisch (Frankreich)Italienisch (Schweiz)Italienisch (Italien) Wenn Sie Bedarf an einer Sprachversion haben wenden Sie sich bitte an den&nbsp;Vorstand. Folgender Link gibt einen \u00dcberblick \u00fcber [&hellip;]<\/p>\n","protected":false},"author":1,"featured_media":0,"parent":0,"menu_order":0,"comment_status":"closed","ping_status":"closed","template":"","meta":{"footnotes":""},"class_list":["post-227","page","type-page","status-publish","hentry"],"_links":{"self":[{"href":"https:\/\/www.etim.at\/index.php?rest_route=\/wp\/v2\/pages\/227","targetHints":{"allow":["GET"]}}],"collection":[{"href":"https:\/\/www.etim.at\/index.php?rest_route=\/wp\/v2\/pages"}],"about":[{"href":"https:\/\/www.etim.at\/index.php?rest_route=\/wp\/v2\/types\/page"}],"author":[{"embeddable":true,"href":"https:\/\/www.etim.at\/index.php?rest_route=\/wp\/v2\/users\/1"}],"replies":[{"embeddable":true,"href":"https:\/\/www.etim.at\/index.php?rest_route=%2Fwp%2Fv2%2Fcomments&post=227"}],"version-history":[{"count":8,"href":"https:\/\/www.etim.at\/index.php?rest_route=\/wp\/v2\/pages\/227\/revisions"}],"predecessor-version":[{"id":485,"href":"https:\/\/www.etim.at\/index.php?rest_route=\/wp\/v2\/pages\/227\/revisions\/485"}],"wp:attachment":[{"href":"https:\/\/www.etim.at\/index.php?rest_route=%2Fwp%2Fv2%2Fmedia&parent=227"}],"curies":[{"name":"wp","href":"https:\/\/api.w.org\/{rel}","templated":true}]}}