{"id":26,"date":"2024-08-30T21:52:18","date_gmt":"2024-08-30T19:52:18","guid":{"rendered":"https:\/\/etim.at\/?page_id=26"},"modified":"2025-09-19T09:46:25","modified_gmt":"2025-09-19T07:46:25","slug":"ueber-uns","status":"publish","type":"page","link":"https:\/\/www.etim.at\/?page_id=26","title":{"rendered":"\u00dcber uns"},"content":{"rendered":"\n<p><\/p>\n\n\n\n<p><\/p>\n\n\n\n<h2 class=\"wp-block-heading has-text-color has-link-color wp-elements-c9b8830585d4a33f288dadaa7502dcec\" style=\"color:#325fa2;font-size:clamp(0.984rem, 0.984rem + ((1vw - 0.2rem) * 0.86), 1.5rem);\"><strong>\u00dcber uns<\/strong><\/h2>\n\n\n\n<p>ETIM Austria ist die zentrale Organisation, wenn es um die Belange und die Verbreitung von ETIM geht. ETIM Austria ist Mitglied von ETIM international.<br><br>Der Verein wurde im August 2009 gegr\u00fcndet.<\/p>\n\n\n\n<p>Alle Vereinsmitglieder f\u00fchlen sich folgenden Zielen verpflichtet:&nbsp;<\/p>\n\n\n\n<ul class=\"wp-block-list\">\n<li>Aktive Schaffung von \u00d6ffentlichkeit und Bekanntheit f\u00fcr ETIM<\/li>\n\n\n\n<li>Deutlich machen, welche Vorteile der Branchenstandard&nbsp; ETIM hat und bringt<\/li>\n\n\n\n<li>Weitere Verbreitung des Klassifikationsmodells<\/li>\n\n\n\n<li>Regelm\u00e4\u00dfige Information der Mitglieder und Bereitstellung von Tipps rund um ETIM<\/li>\n<\/ul>\n\n\n\n<p>Unterst\u00fctzen Sie aktiv die Arbeit des Vereins und dessen Ziele. Und werden Sie noch heute Mitglied!<br><br>Die Mitgliedschaft im Verein ETIM Austria steht grunds\u00e4tzlich allen nat\u00fcrlichen oder juristischen Personen aus Industrie, Handel oder Handwerk offen. \u00dcber Aufnahmeantr\u00e4ge entscheidet im Einzelnen der Vorstand.&nbsp;<\/p>\n","protected":false},"excerpt":{"rendered":"<p>\u00dcber uns ETIM Austria ist die zentrale Organisation, wenn es um die Belange und die Verbreitung von ETIM geht. ETIM Austria ist Mitglied von ETIM international. Der Verein wurde im August 2009 gegr\u00fcndet. Alle Vereinsmitglieder f\u00fchlen sich folgenden Zielen verpflichtet:&nbsp; Unterst\u00fctzen Sie aktiv die Arbeit des Vereins und dessen Ziele. Und werden Sie noch heute [&hellip;]<\/p>\n","protected":false},"author":1,"featured_media":0,"parent":0,"menu_order":0,"comment_status":"closed","ping_status":"closed","template":"","meta":{"footnotes":""},"class_list":["post-26","page","type-page","status-publish","hentry"],"_links":{"self":[{"href":"https:\/\/www.etim.at\/index.php?rest_route=\/wp\/v2\/pages\/26","targetHints":{"allow":["GET"]}}],"collection":[{"href":"https:\/\/www.etim.at\/index.php?rest_route=\/wp\/v2\/pages"}],"about":[{"href":"https:\/\/www.etim.at\/index.php?rest_route=\/wp\/v2\/types\/page"}],"author":[{"embeddable":true,"href":"https:\/\/www.etim.at\/index.php?rest_route=\/wp\/v2\/users\/1"}],"replies":[{"embeddable":true,"href":"https:\/\/www.etim.at\/index.php?rest_route=%2Fwp%2Fv2%2Fcomments&post=26"}],"version-history":[{"count":3,"href":"https:\/\/www.etim.at\/index.php?rest_route=\/wp\/v2\/pages\/26\/revisions"}],"predecessor-version":[{"id":232,"href":"https:\/\/www.etim.at\/index.php?rest_route=\/wp\/v2\/pages\/26\/revisions\/232"}],"wp:attachment":[{"href":"https:\/\/www.etim.at\/index.php?rest_route=%2Fwp%2Fv2%2Fmedia&parent=26"}],"curies":[{"name":"wp","href":"https:\/\/api.w.org\/{rel}","templated":true}]}}